alse
Is 824023723 a composite number?
False
Is 14744141639 prime?
False
Is 2680708377 prime?
False
Is 18104276461 prime?
True
Is 2133829265 a composite number?
True
Is 2301987473 composite?
True
Is 103616609 composite?
True
Is 2483983007 composite?
True
Is 3241493789 composite?
False
Is 1722944721 a composite number?
True
Is 63196265147 a composite number?
True
Is 83647390913 prime?
True
Is 797025847 composite?
False
Is 1632911237 a prime number?
True
Is 16513799971 composite?
False
Is 33587999 a prime number?
False
Is 539312377 composite?
False
Is 816625057 a prime number?
False
Is 6469000877 a composite number?
False
Is 2544250619 prime?
False
Is 13746361199 a composite number?
False
Is 7076388149 a prime number?
False
Is 330595087 prime?
False
Is 100943330767 prime?
True
Is 362256319 a composite number?
False
Is 6076173277 composite?
True
Is 1862411189 a prime number?
False
Is 1437922091 composite?
False
Is 8904382561 composite?
True
Is 2153158333 prime?
False
Is 253607327 prime?
False
Is 86125378723 prime?
False
Is 1308899297 prime?
True
Is 3610264507 a prime number?
True
Is 15372291679 prime?
False
Is 2769461803 composite?
True
Is 5100546629 a prime number?
True
Is 3654003323 a prime number?
True
Is 23881056289 a composite number?
True
Is 1655345287 a composite number?
True
Is 120396808891 composite?
False
Is 21426133 a composite number?
True
Is 42206473 composite?
False
Is 4871026231 a composite number?
True
Is 1225061479 prime?
True
Is 3845563193 a composite number?
True
Is 25048868509 composite?
True
Is 1280768297 composite?
False
Is 10715968481 a composite number?
False
Is 1776786677 a prime number?
True
Is 3103720593 prime?
False
Is 45722707 a composite number?
True
Is 11403828049 composite?
False
Is 108895391 a composite number?
True
Is 4254874619 a composite number?
True
Is 358589209 composite?
True
Is 35631585793 a prime number?
True
Is 1354359707 prime?
True
Is 51583587619 prime?
False
Is 87168661 a prime number?
True
Is 10943540869 a prime number?
True
Is 637747133 prime?
False
Is 36227698813 a prime number?
True
Is 30280265713 prime?
False
Is 230362361 a composite number?
True
Is 11158261 composite?
False
Is 7305754111 prime?
True
Is 4901999299 composite?
True
Is 10408716133 composite?
False
Is 58610655511 prime?
True
Is 7359538457 a prime number?
False
Is 9171342671 a composite number?
False
Is 2103245293 a prime number?
True
Is 2079973319 a prime number?
False
Is 936943613 prime?
True
Is 1858761889 prime?
True
Is 441069823 a composite number?
False
Is 3680877 prime?
False
Is 131317441 prime?
False
Is 278180377 a composite number?
True
Is 11992671289 prime?
True
Is 381880691 prime?
True
Is 145605133507 a composite number?
False
Is 10763149061 prime?
False
Is 16804566407 composite?
False
Is 158538449 a prime number?
False
Is 128612059 a prime number?
True
Is 905628701 a composite number?
True
Is 14997535081 prime?
True
Is 25778586991 a prime number?
False
Is 37110819377 prime?
True
Is 833337907 a prime number?
True
Is 114945756319 composite?
False
Is 1506552779 a prime number?
True
Is 151884587 a prime number?
True
Is 31674914045 prime?
False
Is 4155931133 a composite number?
True
Is 21134333923 composite?
False
Is 23585641747 a composite number?
True
Is 33741275053 a composite number?
True
Is 1143180089 a composite number?
False
Is 25074700537 prime?
False
Is 779197259 composite?
True
Is 3843114139 prime?
True
Is 20384977829 composite?
False
Is 19556425247 a prime number?
False
Is 163258052369 prime?
True
Is 20261123723 a prime number?
True
Is 435677327 a prime number?
True
Is 21360269849 a prime number?
True
Is 19564967 prime?
True
Is 470528339 prime?
False
Is 45453857419 a composite number?
False
Is 25361012693 a prime number?
False
Is 23604552029 composite?
False
Is 1513738907 a prime number?
False
Is 7892990273 prime?
False
Is 388585889 a prime number?
True
Is 443811581 a prime number?
True
Is 1512915241 prime?
True
Is 12429247 a prime number?
True
Is 35258614889 prime?
True
Is 44007671 a composite number?
True
Is 2482882001 a composite number?
True
Is 41702675587 a prime number?
False
Is 15563570821 a prime number?
True
Is 776707702379 prime?
False
Is 4315955363 prime?
False
Is 14374908381 a composite number?
True
Is 1933942249 composite?
False
Is 384303551 composite?
False
Is 485394229 prime?
False
Is 6521677739 composite?
True
Is 3572213809 prime?
True
Is 5886271147 composite?
False
Is 5669488039 a prime number?
True
Is 2555272297 a prime number?
False
Is 203525917003 a prime number?
True
Is 2540810099 a composite number?
False
Is 427327981 a prime number?
True
Is 6034248083 a prime number?
True
Is 462701431 prime?
True
Is 9608558783 a composite number?
False
Is 1319977577 a composite number?
False
Is 13455193091 a prime number?
True
Is 1851491141 composite?
False
Is 23691874051 composite?
False
Is 144706794359 a prime number?
False
Is 15206545807 a prime number?
True
Is 6609942037 a composite number?
False
Is 70232518033 prime?
True
Is 1476244817 prime?
True
Is 20094233 composite?
True
Is 650938907 a prime number?
False
Is 50512921801 composite?
False
Is 845273879 a composite number?
True
Is 2382582077 composite?
False
Is 5935042777 prime?
True
Is 159425405669 a prime number?
True
Is 4794714983 prime?
True
Is 118450567 composite?
False
Is 35105583911 prime?
True
Is 1966315427 a prime number?
True
Is 700011181 a prime number?
False
Is 454889983 a prime number?
True
Is 16979172391 prime?
True
Is 282073171 a prime number?
True
Is 30633127363 composite?
False
Is 547394231 prime?
True
Is 5777998261 composite?
True
Is 580843399 composite?
True
Is 818975413 a composite number?
False
Is 103369603073 composite?
True
Is 6529702163 composite?
True
Is 20989979567 prime?
True
Is 20094972181 composite?
False
Is 11031942931 a prime number?
False
Is 1993600291 a prime number?
True
Is 1308493591 a prime number?
True
Is 26539511963 composite?
False
Is 669822281 composite?
False
Is 509600471 a prime number?
False
Is 36122317503 a prime number?
False
Is 226960709 composite?
False
Is 19180828463 a prime number?
False
Is 937798891043 prime?
False
Is 8712646883 composite?
True
Is 26839757 composite?
True
Is 2288123969 composite?
True
Is 705461651 a prime number?
True
Is 22321904243 composite?
False
Is 3826750877 a composite number?
False
Is 1207658567 a composite number?
True
Is 5522827361 composite?
False
Is 21526746386 composite?
True
Is 1309124053 a composite number?
False
Is 609309289 prime?
False
Is 37452189299 a composite number?
True
Is 386458507 a prime number?
True
Is 12289367071 composite?
True
Is 61183153 a composite number?
True
Is 930599653 prime?
False
Is 13585350749 a prime number?
False
Is 11706220327 composite?
True
Is 927077267 a prime number?
False
Is 3034347649 composite?
False
Is 3649742021 a composite number?
True
Is 286093177 a prime number?
False
Is 1058081534 a prime number?
False
Is 12210723743 a composite number?
False
Is 6448195903 a composite number?
False
Is 15525805099 composite?
True
Is 1872229231 prime?
True
Is 588167491 prime?
True
Is 3926286437 a composite number?
True
Is 69852867881 a composite number?
False
Is 49910840149 a prime number?
True
Is 5606636689 a prime number?
False
Is 82252523 prime?
True
Is 4183270207 a composite number?
False
Is 3061568641 a prime number?
False
Is 1049580797 composite?
False
Is 397352819 composite?
True
Is 82883301166 prime?
False
Is 177876757 composite?
True
Is 40503530339 a prime number?
False
Is 112348854359 a prime number?
False
Is 118389043 prime?
True
Is 5771468099 composite?
False
Is 11648430581 a prime number?
True
Is 658413787 prime?
False
Is 2094829993 prime?
False
Is 6328062083 a prime number?
False
Is 384280181 a composite number?
False
Is 536535469 a composite number?
False
Is 1079521939 prime?
False
Is 905206661 prime?
True
Is 7661279 composite?
False
Is 8997061642 prime?
False
Is 10855862093 a composite number?
True
Is 1336342027 a composite number?
False
Is 3012215779 composite?
False
Is 902277347 a prime number?
True
Is 1321695671 a prime number?
False
Is 2363938 prime?
False
Is 47044969897 a composite number?
True
Is 17025525323 a prime number?
True
Is 16051492939 prime?
False
Is 2642823299 prime?
True
Is 270654966697 composite?
True
Is 5835213361 a p